04 and 8284.
76
What is the greatest common factor of 2261 and 272?
17
What is the highest common divisor of 6396 and 117?
39
Calculate the greatest common divisor of 4674 and 1026.
114
What is the greatest common factor of 24 and 40?
8
Calculate the highest common factor of 5307 and 87.
87
Calculate the greatest common divisor of 201 and 8643.
201
What is the greatest common factor of 60 and 1368?
12
Calculate the greatest common divisor of 11 and 737.
11
What is the greatest common divisor of 348 and 1176?
12
Calculate the highest common divisor of 864 and 480.
96
What is the highest common divisor of 8 and 46?
2
Calculate the greatest common divisor of 330 and 132.
66
Calculate the greatest common factor of 9153 and 18.
9
What is the highest common factor of 3129 and 42?
21
What is the highest common divisor of 144 and 3816?
72
Calculate the greatest common factor of 420 and 4.
4
Calculate the greatest common divisor of 153 and 119.
17
What is the greatest common divisor of 8 and 1960?
8
Calculate the highest common factor of 65 and 1404.
13
What is the greatest common divisor of 41 and 1025?
41
What is the greatest common divisor of 45 and 12?
3
What is the greatest common divisor of 1664 and 260?
52
Calculate the highest common divisor of 205 and 16605.
205
What is the highest common factor of 79 and 29230?
79
Calculate the greatest common divisor of 104 and 432.
8
What is the greatest common divisor of 602 and 266?
14
Calculate the greatest common divisor of 65 and 7709.
13
What is the highest common factor of 138 and 161?
23
What is the highest common factor of 80 and 10?
10
Calculate the highest common factor of 35890 and 370.
370
Calculate the greatest common divisor of 16 and 12.
4
Calculate the highest common factor of 24 and 1617.
3
Calculate the highest common factor of 148 and 10212.
148
What is the greatest common factor of 76 and 418?
38
What is the greatest common divisor of 1560 and 120?
120
What is the greatest common factor of 1 and 12?
1
What is the greatest common divisor of 608 and 16?
16
What is the greatest common divisor of 161 and 217?
7
What is the greatest common divisor of 72 and 270?
18
Calculate the greatest common divisor of 30 and 10.
10
Calculate the greatest common factor of 52836 and 21.
21
What is the greatest common factor of 640 and 100?
20
What is the greatest common divisor of 258 and 1376?
86
Calculate the highest common factor of 4256 and 931.
133
What is the greatest common divisor of 784 and 32?
16
Calculate the greatest common divisor of 55 and 495.
55
What is the greatest common factor of 440 and 616?
88
What is the greatest common divisor of 73 and 1?
1
What is the greatest common factor of 7 and 2?
1
Calculate the greatest common factor of 1 and 16.
1
What is the greatest common factor of 24 and 120?
24
What is the greatest common factor of 124 and 28?
4
Calculate the greatest common divisor of 418 and 44.
22
Calculate the greatest common divisor of 412 and 292.
4
Calculate the greatest common divisor of 145 and 290.
145
What is the highest common factor of 255 and 15?
15
Calculate the greatest common divisor of 695 and 5.
5
Calculate the greatest common factor of 204 and 84.
12
Calculate the greatest common factor of 39 and 78.
39
What is the highest common divisor of 104 and 286?
26
Calculate the highest common factor of 75 and 25.
25
Calculate the greatest common divisor of 272 and 1208.
8
What is the greatest common divisor of 200 and 175?
25
Calculate the greatest common divisor of 11514 and 114.
114
What is the highest common divisor of 2 and 514?
2
What is the highest common divisor of 48 and 264?
24
Calculate the highest common factor of 252 and 3339.
63
What is the greatest common divisor of 424 and 24?
8
Calculate the greatest common factor of 88 and 24.
8
What is the highest common divisor of 17 and 12359?
17
What is the highest common factor of 1775 and 15?
5
Calculate the highest common factor of 184 and 322.
46
What is the greatest common divisor of 88 and 66?
22
What is the greatest common factor of 2762 and 2?
2
What is the greatest common factor of 54 and 6?
6
What is the highest common factor of 2491 and 47?
47
What is the greatest common divisor of 174 and 42?
6
What is the greatest common factor of 1107 and 1927?
41
What is the highest common divisor of 173 and 33216?
173
What is the highest common factor of 38 and 110314?
38
Calculate the highest common factor of 7601 and 11.
11
What is the highest common factor of 112 and 28?
28
What is the greatest common divisor of 258 and 2967?
129
Calculate the greatest common divisor of 156 and 24.
12
What is the greatest common divisor of 13 and 546?
13
Calculate the greatest common divisor of 1247 and 43.
43
Calculate the highest common factor of 896 and 2408.
56
Calculate the highest common divisor of 4490 and 10.
10
What is the highest common factor of 56 and 364?
28
Calculate the greatest common factor of 3 and 13.
1
Calculate the greatest common factor of 387 and 5676.
129
Calculate the highest common divisor of 2344 and 56.
8
Calculate the greatest common factor of 738 and 164.
82
Calculate the greatest common divisor of 27 and 189.
27
Calculate the greatest common divisor of 598 and 1066.
26
What is the greatest common divisor of 20 and 1040?
20
What is the highest common factor of 60 and 740?
20
What is the highest common divisor of 9 and 657?
9
What is the greatest common factor of 3002 and 79?
79
What is the greatest common factor of 115 and 2461?
23
What is the highest common divisor of 17 and 187?
17
Calculate the greatest common factor of 11 and 759.
11
What is the greatest common divisor of 58935 and 15?
15
What is the greatest common divisor of 404 and 101?
101
Calculate the highest common divisor of 42 and 210.
42
What is the greatest common factor of 651 and 399?
21
What is the highest common factor of 464 and 551?
29
What is the highest common divisor of 1680 and 48?
48
Calculate the highest common factor of 377 and 29.
29
Calculate the highest common factor of 30 and 23480.
10
What is the highest common factor of 78 and 182?
26
What is the highest common divisor of 3 and 219?
3
Calculate the highest common factor of 372 and 96.
12
What is the highest common factor of 1682 and 174?
58
Calculate the greatest common divisor of 19 and 1.
1
Calculate the greatest common factor of 44 and 396.
44
Calculate the greatest common divisor of 3792 and 192.
48
Calculate the highest common factor of 3706 and 68.
34
Calculate the greatest common divisor of 72 and 96.
24
Calculate the greatest common divisor of 670 and 67.
67
Calculate the highest common divisor of 105 and 21.
21
Calculate the highest common divisor of 38 and 10982.
38
What is the highest common divisor of 32 and 368?
16
Calculate the greatest common factor of 5420 and 220.
20
What is the greatest common factor of 192 and 216?
24
What is the highest common divisor of 27 and 81?
27
What is the highest common factor of 181 and 48689?
181
What is the highest common divisor of 20 and 4220?
20
Calculate the greatest common divisor of 36 and 84.
12
Calculate the greatest common factor of 253 and 770.
11
What is the greatest common divisor of 265 and 15?
5
What is the highest common divisor of 68 and 20?
4
What is the greatest common divisor of 539 and 22?
11
What is the highest common factor of 9 and 10872?
9
Calculate the greatest common divisor of 44 and 99.
11
Calculate the highest common divisor of 434 and 70.
14
Calculate the highest common factor of 144 and 18.
18
Calculate the highest common factor of 5817 and 147.
21
What is the highest common factor of 26 and 22?
2
What is the highest common factor of 61524 and 36?
36
Calculate the highest common divisor of 425 and 68.
17
What is the highest common factor of 285 and 228?
57
What is the highest common factor of 685 and 155?
5
What is the highest common divisor of 17 and 1139?
17
What is the greatest common divisor of 8400 and 1560?
120
Calculate the greatest common divisor of 324 and 72.
36
Calculate the highest common factor of 5168 and 95.
19
Calculate the greatest common factor of 54 and 342.
18
Calculate the greatest common factor of 7 and 9569.
7
What is the highest common divisor of 606 and 18?
6
Calcu